{"id":13,"date":"2025-01-10T19:10:56","date_gmt":"2025-01-10T18:10:56","guid":{"rendered":"https:\/\/www.seisida.net\/reunion2025\/?page_id=13"},"modified":"2025-12-15T17:21:45","modified_gmt":"2025-12-15T16:21:45","slug":"inicio","status":"publish","type":"page","link":"https:\/\/www.seisida.net\/reunion2025\/","title":{"rendered":"Inicio"},"content":{"rendered":"<p>[et_pb_section fb_built=\u00bb1&#8243; _builder_version=\u00bb4.27.4&#8243; _module_preset=\u00bbdefault\u00bb global_colors_info=\u00bb{}\u00bb][et_pb_row _builder_version=\u00bb4.27.4&#8243; _module_preset=\u00bbdefault\u00bb global_colors_info=\u00bb{}\u00bb][et_pb_column type=\u00bb4_4&#8243; _builder_version=\u00bb4.27.4&#8243; _module_preset=\u00bbdefault\u00bb global_colors_info=\u00bb{}\u00bb][et_pb_image src=\u00bbhttps:\/\/www.seisida.net\/reunion2025\/wp-content\/uploads\/2025\/07\/cabecera-30-septiembre-2025.jpg\u00bb title_text=\u00bbcabecera 30 septiembre 2025&#8243; url=\u00bbhttps:\/\/canal.uned.es\/series\/68dc4091e00a8e55660fdb73&#8243; url_new_window=\u00bbon\u00bb _builder_version=\u00bb4.27.4&#8243; _module_preset=\u00bbdefault\u00bb global_colors_info=\u00bb{}\u00bb][\/et_pb_image][\/et_pb_column][\/et_pb_row][et_pb_row _builder_version=\u00bb4.27.4&#8243; _module_preset=\u00bbdefault\u00bb global_colors_info=\u00bb{}\u00bb][et_pb_column type=\u00bb4_4&#8243; _builder_version=\u00bb4.27.4&#8243; _module_preset=\u00bbdefault\u00bb global_colors_info=\u00bb{}\u00bb][et_pb_divider _builder_version=\u00bb4.27.4&#8243; _module_preset=\u00bbdefault\u00bb global_colors_info=\u00bb{}\u00bb][\/et_pb_divider][\/et_pb_column][\/et_pb_row][et_pb_row _builder_version=\u00bb4.27.5&#8243; _module_preset=\u00bbdefault\u00bb][et_pb_column _builder_version=\u00bb4.27.5&#8243; _module_preset=\u00bbdefault\u00bb type=\u00bb4_4&#8243;][et_pb_text _builder_version=\u00bb4.27.5&#8243; _module_preset=\u00bbdefault\u00bb hover_enabled=\u00bb0&#8243; sticky_enabled=\u00bb0&#8243;]<\/p>\n<p><span style=\"color: #ff0000;\"><em><strong>Ya est\u00e1 disponible la grabaci\u00f3n de la reuni\u00f3n, en el Canal UNED<\/strong><\/em><\/span>\u00a0 (<a href=\"https:\/\/canal.uned.es\/series\/68dc4091e00a8e55660fdb73\" target=\"_blank\" rel=\"noopener\">&gt;&gt;Ver<\/a>)<\/p>\n<p>[\/et_pb_text][\/et_pb_column][\/et_pb_row][et_pb_row column_structure=\u00bb2_3,1_3&#8243; _builder_version=\u00bb4.27.4&#8243; _module_preset=\u00bbdefault\u00bb global_colors_info=\u00bb{}\u00bb][et_pb_column type=\u00bb2_3&#8243; _builder_version=\u00bb4.27.4&#8243; _module_preset=\u00bbdefault\u00bb global_colors_info=\u00bb{}\u00bb][et_pb_text _builder_version=\u00bb4.27.4&#8243; _module_preset=\u00bbdefault\u00bb global_colors_info=\u00bb{}\u00bb]<\/p>\n<p><strong><em><\/em><\/strong><\/p>\n<p><strong>BIENVENIDA<\/strong><\/p>\n<p style=\"text-align: justify;\">En primer lugar, desde SEISIDA nos gustar\u00eda reiterar vuestra comprensi\u00f3n y paciencia tras la cancelaci\u00f3n de la reuni\u00f3n cient\u00edfica de <strong>SEISIDA: \u201cCuidados diversos para necesidades diversas\u201d<\/strong> prevista para el pasado 29 de abril.<\/p>\n<p>Una vez que hemos contemplado las diferentes posibilidades, tenemos el placer de informaros que estamos organizando una nueva edici\u00f3n, en esta ocasi\u00f3n en formato h\u00edbrido, que tendr\u00e1 lugar el pr\u00f3ximo <strong>30 de septiembre de 2025<\/strong>.<\/p>\n<p>Para esta nueva convocatoria, hemos vuelto a contar con la colaboraci\u00f3n de las personas que iban a participar como moderadoras y ponentes, quienes estar\u00e1n presentes en la sala desde la que se realizar\u00e1 la retransmisi\u00f3n. Agradecemos especialmente su disposici\u00f3n y compromiso para reprogramar sus agendas y acompa\u00f1arnos en esta nueva fecha.<\/p>\n<p><span style=\"color: #ff0000;\"><strong>La reuni\u00f3n ser\u00e1 retransmitida por streaming para todas las personas previamente inscritas.<\/strong><\/span><\/p>\n<p>El enlace de acceso se facilitar\u00e1 una vez que est\u00e9n finalizadas las gestiones t\u00e9cnicas necesarias.<\/p>\n<p>Cabe se\u00f1alar que la sala desde la que se emitir\u00e1 la jornada cuenta con un aforo reducido y presenta algunas limitaciones en cuanto a accesibilidad, dado que el evento ha sido concebido principalmente en formato online.<\/p>\n<p>No obstante, si alguna persona inscrita deseara asistir de manera presencial, habilitaremos pr\u00f3ximamente un sistema de confirmaci\u00f3n de asistencia.<\/p>\n<p><strong>30 de septiembre de 2025<\/strong><br \/><strong>Modalidad: Streaming<\/strong><br \/><strong>Horario: de 10:00 a 18:00 h<\/strong><\/p>\n<p>Agradecemos vuestra comprensi\u00f3n y colaboraci\u00f3n.<\/p>\n<p><strong><em>Mar\u00eda Jos\u00e9 Fuster Ruiz de Apodaca<\/em><\/strong><br \/><span>Co-Presidenta Reuni\u00f3n<\/span><br \/><span>Profesora Departamento Psicolog\u00eda Social y de las Organizaciones, Facultad Psicolog\u00eda, UNED<\/span><\/p>\n<p><strong><em>Jara Llenas Garc\u00eda<\/em><\/strong><\/p>\n<p>Co-Presidenta de la Reuni\u00f3n<br \/>M\u00e9dica Adjunta Medicina Interna Hospital Vega Baja, Orihuela (Alicante)<br \/>Profesora Asociada Departamento de Medicina Cl\u00ednica Universidad Miguel Hern\u00e1ndez<\/p>\n<p>[\/et_pb_text][\/et_pb_column][et_pb_column type=\u00bb1_3&#8243; _builder_version=\u00bb4.27.4&#8243; _module_preset=\u00bbdefault\u00bb global_colors_info=\u00bb{}\u00bb][et_pb_image src=\u00bbhttps:\/\/www.seisida.net\/reunion2025\/wp-content\/uploads\/2025\/01\/foto-uned-psicologia.jpg\u00bb title_text=\u00bbfoto-uned-psicologia\u00bb _builder_version=\u00bb4.27.4&#8243; _module_preset=\u00bbdefault\u00bb global_colors_info=\u00bb{}\u00bb][\/et_pb_image][et_pb_divider _builder_version=\u00bb4.27.4&#8243; _module_preset=\u00bbdefault\u00bb global_colors_info=\u00bb{}\u00bb][\/et_pb_divider][et_pb_text _builder_version=\u00bb4.27.4&#8243; _module_preset=\u00bbdefault\u00bb global_colors_info=\u00bb{}\u00bb]<\/p>\n<h1 style=\"text-align: center;\"><strong><span style=\"color: #0000ff;\">#Seisida2025<\/span><\/strong><\/h1>\n<p>[\/et_pb_text][\/et_pb_column][\/et_pb_row][et_pb_row _builder_version=\u00bb4.27.4&#8243; _module_preset=\u00bbdefault\u00bb global_colors_info=\u00bb{}\u00bb][et_pb_column type=\u00bb4_4&#8243; _builder_version=\u00bb4.27.4&#8243; _module_preset=\u00bbdefault\u00bb global_colors_info=\u00bb{}\u00bb][et_pb_divider _builder_version=\u00bb4.27.4&#8243; _module_preset=\u00bbdefault\u00bb global_colors_info=\u00bb{}\u00bb][\/et_pb_divider][\/et_pb_column][\/et_pb_row][et_pb_row _builder_version=\u00bb4.27.4&#8243; _module_preset=\u00bbdefault\u00bb global_colors_info=\u00bb{}\u00bb][et_pb_column type=\u00bb4_4&#8243; _builder_version=\u00bb4.27.4&#8243; _module_preset=\u00bbdefault\u00bb global_colors_info=\u00bb{}\u00bb][et_pb_text _builder_version=\u00bb4.27.4&#8243; _module_preset=\u00bbdefault\u00bb global_colors_info=\u00bb{}\u00bb]<\/p>\n<h3 class=\"wp-block-heading has-ast-global-color-1-color has-text-color\">Organizadores<\/h3>\n<p>[\/et_pb_text][\/et_pb_column][\/et_pb_row][et_pb_row column_structure=\u00bb1_2,1_2&#8243; _builder_version=\u00bb4.27.4&#8243; _module_preset=\u00bbdefault\u00bb global_colors_info=\u00bb{}\u00bb][et_pb_column type=\u00bb1_2&#8243; _builder_version=\u00bb4.27.4&#8243; _module_preset=\u00bbdefault\u00bb global_colors_info=\u00bb{}\u00bb][et_pb_image src=\u00bbhttps:\/\/www.seisida.net\/reunion2025\/wp-content\/uploads\/2025\/01\/LOGO-SEISIDA-PNG.png\u00bb title_text=\u00bbLOGO SEISIDA\u00bb align=\u00bbcenter\u00bb _builder_version=\u00bb4.27.4&#8243; _module_preset=\u00bbdefault\u00bb global_colors_info=\u00bb{}\u00bb][\/et_pb_image][\/et_pb_column][et_pb_column type=\u00bb1_2&#8243; _builder_version=\u00bb4.27.4&#8243; _module_preset=\u00bbdefault\u00bb global_colors_info=\u00bb{}\u00bb][et_pb_image src=\u00bbhttps:\/\/www.seisida.net\/reunion2025\/wp-content\/uploads\/2025\/01\/LOGO-UNED-30X30-COLOR-VERDE.jpeg\u00bb title_text=\u00bbLOGO UNED \u00bb align=\u00bbcenter\u00bb _builder_version=\u00bb4.27.4&#8243; _module_preset=\u00bbdefault\u00bb global_colors_info=\u00bb{}\u00bb][\/et_pb_image][\/et_pb_column][\/et_pb_row][\/et_pb_section][et_pb_section fb_built=\u00bb1&#8243; _builder_version=\u00bb4.27.4&#8243; _module_preset=\u00bbdefault\u00bb global_colors_info=\u00bb{}\u00bb][et_pb_row _builder_version=\u00bb4.27.4&#8243; _module_preset=\u00bbdefault\u00bb global_colors_info=\u00bb{}\u00bb][et_pb_column type=\u00bb4_4&#8243; _builder_version=\u00bb4.27.4&#8243; _module_preset=\u00bbdefault\u00bb global_colors_info=\u00bb{}\u00bb][et_pb_text _builder_version=\u00bb4.27.4&#8243; _module_preset=\u00bbdefault\u00bb global_colors_info=\u00bb{}\u00bb]<\/p>\n<h2>PATROCINADORES<\/h2>\n<p>[\/et_pb_text][\/et_pb_column][\/et_pb_row][et_pb_row column_structure=\u00bb1_3,1_3,1_3&#8243; _builder_version=\u00bb4.27.4&#8243; _module_preset=\u00bbdefault\u00bb global_colors_info=\u00bb{}\u00bb][et_pb_column type=\u00bb1_3&#8243; _builder_version=\u00bb4.27.4&#8243; _module_preset=\u00bbdefault\u00bb global_colors_info=\u00bb{}\u00bb][et_pb_image src=\u00bbhttps:\/\/www.seisida.net\/reunion2025\/wp-content\/uploads\/2025\/03\/Con-la-colaboracion-de-Gilead.png\u00bb title_text=\u00bbCon-la-colaboracion-de-Gilead\u00bb url=\u00bbhttps:\/\/www.gilead.es\/\u00bb url_new_window=\u00bbon\u00bb _builder_version=\u00bb4.27.4&#8243; _module_preset=\u00bbdefault\u00bb global_colors_info=\u00bb{}\u00bb][\/et_pb_image][\/et_pb_column][et_pb_column type=\u00bb1_3&#8243; _builder_version=\u00bb4.27.4&#8243; _module_preset=\u00bbdefault\u00bb global_colors_info=\u00bb{}\u00bb][et_pb_image src=\u00bbhttps:\/\/www.seisida.net\/reunion2025\/wp-content\/uploads\/2025\/03\/Con-la-colaboracion-de-MSD.png\u00bb title_text=\u00bbCon-la-colaboracion-de-MSD\u00bb url=\u00bbhttps:\/\/www.msd.es\/\u00bb url_new_window=\u00bbon\u00bb _builder_version=\u00bb4.27.4&#8243; _module_preset=\u00bbdefault\u00bb global_colors_info=\u00bb{}\u00bb][\/et_pb_image][\/et_pb_column][et_pb_column type=\u00bb1_3&#8243; _builder_version=\u00bb4.27.4&#8243; _module_preset=\u00bbdefault\u00bb global_colors_info=\u00bb{}\u00bb][et_pb_image src=\u00bbhttps:\/\/www.seisida.net\/reunion2025\/wp-content\/uploads\/2025\/03\/Con-la-colaboracion-de-ViiV.png\u00bb title_text=\u00bbCon-la-colaboracion-de-ViiV\u00bb url=\u00bbhttps:\/\/viivhealthcare.com\/es-es\/\u00bb url_new_window=\u00bbon\u00bb _builder_version=\u00bb4.27.4&#8243; _module_preset=\u00bbdefault\u00bb global_colors_info=\u00bb{}\u00bb][\/et_pb_image][\/et_pb_column][\/et_pb_row][\/et_pb_section]<\/p>\n","protected":false},"excerpt":{"rendered":"<p>Ya est\u00e1 disponible la grabaci\u00f3n de la reuni\u00f3n, en el Canal UNED\u00a0 (&gt;&gt;Ver) BIENVENIDA En primer lugar, desde SEISIDA nos gustar\u00eda reiterar vuestra comprensi\u00f3n y paciencia tras la cancelaci\u00f3n de la reuni\u00f3n cient\u00edfica de SEISIDA: \u201cCuidados diversos para necesidades diversas\u201d prevista para el pasado 29 de abril. Una vez que hemos contemplado las diferentes posibilidades, [&hellip;]<\/p>\n","protected":false},"author":1,"featured_media":0,"parent":0,"menu_order":0,"comment_status":"closed","ping_status":"closed","template":"","meta":{"_et_pb_use_builder":"on","_et_pb_old_content":"","_et_gb_content_width":"","footnotes":""},"class_list":["post-13","page","type-page","status-publish","hentry"],"_links":{"self":[{"href":"https:\/\/www.seisida.net\/reunion2025\/wp-json\/wp\/v2\/pages\/13","targetHints":{"allow":["GET"]}}],"collection":[{"href":"https:\/\/www.seisida.net\/reunion2025\/wp-json\/wp\/v2\/pages"}],"about":[{"href":"https:\/\/www.seisida.net\/reunion2025\/wp-json\/wp\/v2\/types\/page"}],"author":[{"embeddable":true,"href":"https:\/\/www.seisida.net\/reunion2025\/wp-json\/wp\/v2\/users\/1"}],"replies":[{"embeddable":true,"href":"https:\/\/www.seisida.net\/reunion2025\/wp-json\/wp\/v2\/comments?post=13"}],"version-history":[{"count":26,"href":"https:\/\/www.seisida.net\/reunion2025\/wp-json\/wp\/v2\/pages\/13\/revisions"}],"predecessor-version":[{"id":291,"href":"https:\/\/www.seisida.net\/reunion2025\/wp-json\/wp\/v2\/pages\/13\/revisions\/291"}],"wp:attachment":[{"href":"https:\/\/www.seisida.net\/reunion2025\/wp-json\/wp\/v2\/media?parent=13"}],"curies":[{"name":"wp","href":"https:\/\/api.w.org\/{rel}","templated":true}]}}