{"id":6,"date":"2019-12-10T13:24:05","date_gmt":"2019-12-10T13:24:05","guid":{"rendered":"http:\/\/www.seisida.net\/reunion2020\/?page_id=6"},"modified":"2020-10-08T15:48:14","modified_gmt":"2020-10-08T15:48:14","slug":"inicio","status":"publish","type":"page","link":"https:\/\/www.seisida.net\/reunion2020\/","title":{"rendered":"Inicio"},"content":{"rendered":"<p><div class=\"fusion-fullwidth fullwidth-box fusion-builder-row-1 nonhundred-percent-fullwidth non-hundred-percent-height-scrolling\"  style='background-color: rgba(255,255,255,0);background-position: center center;background-repeat: no-repeat;padding-top:0px;padding-right:0px;padding-bottom:0px;padding-left:0px;'><div class=\"fusion-builder-row fusion-row \"><div  class=\"fusion-layout-column fusion_builder_column fusion_builder_column_1_1 fusion-builder-column-1 fusion-one-full fusion-column-first fusion-column-last 1_1\"  style='margin-top:0px;margin-bottom:20px;'>\n\t\t\t\t\t<div class=\"fusion-column-wrapper\" style=\"padding: 0px 0px 0px 0px;background-position:left top;background-repeat:no-repeat;-webkit-background-size:cover;-moz-background-size:cover;-o-background-size:cover;background-size:cover;\"   data-bg-url=\"\">\n\t\t\t\t\t\t<style type=\"text\/css\"><\/style><div class=\"fusion-title title fusion-title-1 fusion-title-text fusion-title-size-one\" style=\"margin-top:0px;margin-bottom:31px;\"><h1 class=\"title-heading-left\" style=\"margin:0;\">Video Reuni\u00f3n Virtual<\/h1><div class=\"title-sep-container\"><div class=\"title-sep sep-double sep-solid\" style=\"border-color:#e0dede;\"><\/div><\/div><\/div><div class=\"fusion-video fusion-youtube fusion-aligncenter\" style=\"max-width:1000px;max-height:563px; width:100%\"><div class=\"video-shortcode\"><iframe title=\"YouTube video player\" src=\"https:\/\/www.youtube.com\/embed\/DUNFgankE8g?wmode=transparent&autoplay=0\" width=\"1000\" height=\"563\" allowfullscreen allow=\"autoplay; fullscreen\"><\/iframe><\/div><\/div><div class=\"fusion-sep-clear\"><\/div><div class=\"fusion-separator fusion-full-width-sep sep-none\" style=\"margin-left: auto;margin-right: auto;margin-top:15px;margin-bottom:15px;\"><\/div><div class=\"fusion-text\"><p>Estimadas\/os compa\u00f1eras\/os:<\/p>\n<p>Esperamos que est\u00e9is lo mejor posible despu\u00e9s de estos duros meses de incertidumbre que nos han afectado. Como tantos y tantos eventos, el pasado mes de marzo tuvimos que suspender la celebraci\u00f3n de nuestra Reuni\u00f3n bianual de la Sociedad Espa\u00f1ola Interdisciplinaria del Sida (<strong>SEISIDA<\/strong>), en colaboraci\u00f3n con el <strong>Instituto de Salud Carlos III<\/strong>.<\/p>\n<p>Sin embargo, es un honor para nosotros comunicar que la Reuni\u00f3n \u201cLa respuesta al VIH m\u00e1s all\u00e1 del 2020\u201d, va a celebrarse por primera vez en nuestra historia en formato online el pr\u00f3ximo <strong>1 de octubre de 2020<\/strong>. Como comprobar\u00e9is, el evento tiene una duraci\u00f3n m\u00e1s reducida respecto del anterior pospuesto y un programa, por tanto, modificado.<\/p>\n<p>La Conferencia Inaugural la realizar\u00e1 Antons Mozalevskis, de la OMS, y en ella expondr\u00e1 como el estigma influye en la cascada de prevenci\u00f3n, aspecto de vital importancia para alcanzar los objetivos globales de ONUSIDA. Desde el Centro Nacional de Epidemiolog\u00eda del Instituto de Salud Carlos III se nos presentar\u00e1 una actualizaci\u00f3n de la situaci\u00f3n del VIH en Espa\u00f1a respecto al objetivo 90-90-90 propuesto por ONUSIDA para el a\u00f1o 2020 y, como contrapunto, Maria Prins, del GGD de \u00c1msterdam, abordar\u00e1 las lecciones aprendidas al respecto en \u00c1msterdam. Asimismo, se incluir\u00e1 como novedad una Mesa en donde se aborde la relaci\u00f3n entre VIH y COVID-19 desde diferentes perspectivas, desde la perspectiva institucional y de evidencia cient\u00edfica hasta el esencial papel comunitario.<br \/>\nAdem\u00e1s, se presentar\u00e1n los resultados de una investigaci\u00f3n de SEISIDA y ViiV y las comunicaciones seleccionadas como orales. En relaci\u00f3n con esto \u00faltimo, y con el objeto de mejorar la visibilidad de las comunicaciones que hemos recibido y valorado, hemos impulsado la secci\u00f3n de los posters con novedades que pronto podr\u00e9is ver.<\/p>\n<p>Como en ocasiones anteriores, uno de los objetivos de esta Reuni\u00f3n es que sea un foro de debate activo acerca de la situaci\u00f3n actual del VIH en Espa\u00f1a y cu\u00e1les son las oportunidades de mejora sobre las que tenemos que trabajar. Para ello, se ha elaborado un programa cient\u00edfico en el que destaca el enfoque multidisciplinar que caracteriza y distingue a SEISIDA, y en el que participar\u00e1n profesionales de \u00e1mbito de la epidemiolog\u00eda, cl\u00ednica y ONG, en donde adem\u00e1s tenga cabida un tema tan determinante como el impacto del COVID-19 en las personas con VIH. Al finalizar la reuni\u00f3n se har\u00e1 la entrega de los premios de la Revista Multidisciplinar del Sida (RMdS).<\/p>\n<p>Es nuestro deseo que particip\u00e9is activamente en la Reuni\u00f3n online, y por ello, os animamos a consultar la p\u00e1gina Web de la Reuni\u00f3n, en la cual encontrareis informaci\u00f3n sobre el acceso al streaming mediante registro gratuito y el programa cient\u00edfico renovado,<\/p>\n<p>Un cordial saludo,<\/p>\n<p>Inmaculada Jarr\u00edn\u00a0\u00a0\u00a0\u00a0\u00a0\u00a0\u00a0\u00a0\u00a0\u00a0\u00a0\u00a0\u00a0\u00a0\u00a0\u00a0\u00a0\u00a0\u00a0\u00a0\u00a0\u00a0\u00a0\u00a0\u00a0\u00a0\u00a0\u00a0\u00a0\u00a0\u00a0\u00a0\u00a0\u00a0\u00a0\u00a0\u00a0\u00a0\u00a0 Juan Carlos L\u00f3pez Bernardo de Quir\u00f3s<br \/>\nPresidenta de la Reuni\u00f3n\u00a0\u00a0\u00a0\u00a0\u00a0\u00a0\u00a0\u00a0\u00a0\u00a0\u00a0\u00a0\u00a0\u00a0\u00a0\u00a0\u00a0\u00a0\u00a0\u00a0\u00a0\u00a0\u00a0\u00a0\u00a0\u00a0\u00a0 Presidente de SEISIDA<\/p>\n<p><strong>Reuni\u00f3n Virtual SEISIDA 2020:<\/strong> \u201c<em><strong>La respuesta al VIH m\u00e1s all\u00e1 del 2020<\/strong><\/em>\u201d<\/p>\n<p>D\u00eda: <strong>1 de Octubre 2020<br \/>\n<\/strong><\/p>\n<\/div><div class=\"fusion-sep-clear\"><\/div><div class=\"fusion-separator fusion-full-width-sep sep-none\" style=\"margin-left: auto;margin-right: auto;margin-top:15px;margin-bottom:15px;\"><\/div><div class=\"fusion-text\"><h2>Con la Colaboraci\u00f3n de:<\/h2>\n<\/div><div class=\"fusion-clearfix\"><\/div>\n\n\t\t\t\t\t<\/div>\n\t\t\t\t<\/div><\/div><\/div><div class=\"fusion-fullwidth fullwidth-box fusion-builder-row-2 nonhundred-percent-fullwidth non-hundred-percent-height-scrolling\"  style='background-color: rgba(255,255,255,0);background-position: center center;background-repeat: no-repeat;padding-top:0px;padding-right:0px;padding-bottom:0px;padding-left:0px;'><div class=\"fusion-builder-row fusion-row \"><div  class=\"fusion-layout-column fusion_builder_column fusion_builder_column_1_2 fusion-builder-column-2 fusion-one-half fusion-column-first 1_2\"  style='margin-top:0px;margin-bottom:20px;width:50%;width:calc(50% - ( ( 4% ) * 0.5 ) );margin-right: 4%;'>\n\t\t\t\t\t<div class=\"fusion-column-wrapper\" style=\"padding: 0px 0px 0px 0px;background-position:left top;background-repeat:no-repeat;-webkit-background-size:cover;-moz-background-size:cover;-o-background-size:cover;background-size:cover;\"   data-bg-url=\"\">\n\t\t\t\t\t\t<span class=\"fusion-imageframe imageframe-none imageframe-1 hover-type-none\"><a class=\"fusion-no-lightbox\" href=\"http:\/\/www.isciii.es\" target=\"_blank\" aria-label=\"ISCIII\" rel=\"noopener noreferrer\"><img loading=\"lazy\" src=\"http:\/\/www.seisida.net\/reunion2020\/wp-content\/uploads\/2020\/09\/ISCIII.jpg\" width=\"686\" height=\"155\" alt=\"www.isciii.es\" class=\"img-responsive wp-image-212\" srcset=\"https:\/\/www.seisida.net\/reunion2020\/wp-content\/uploads\/2020\/09\/ISCIII-200x45.jpg 200w, https:\/\/www.seisida.net\/reunion2020\/wp-content\/uploads\/2020\/09\/ISCIII-400x90.jpg 400w, https:\/\/www.seisida.net\/reunion2020\/wp-content\/uploads\/2020\/09\/ISCIII-600x136.jpg 600w, https:\/\/www.seisida.net\/reunion2020\/wp-content\/uploads\/2020\/09\/ISCIII.jpg 686w\" sizes=\"(max-width: 800px) 100vw, 600px\" \/><\/a><\/span><div class=\"fusion-clearfix\"><\/div>\n\n\t\t\t\t\t<\/div>\n\t\t\t\t<\/div><div  class=\"fusion-layout-column fusion_builder_column fusion_builder_column_1_2 fusion-builder-column-3 fusion-one-half fusion-column-last 1_2\"  style='margin-top:0px;margin-bottom:20px;width:50%;width:calc(50% - ( ( 4% ) * 0.5 ) );'>\n\t\t\t\t\t<div class=\"fusion-column-wrapper\" style=\"padding: 0px 0px 0px 0px;background-position:left top;background-repeat:no-repeat;-webkit-background-size:cover;-moz-background-size:cover;-o-background-size:cover;background-size:cover;\"   data-bg-url=\"\">\n\t\t\t\t\t\t<div class=\"fusion-clearfix\"><\/div>\n\n\t\t\t\t\t<\/div>\n\t\t\t\t<\/div><\/div><\/div><div class=\"fusion-fullwidth fullwidth-box fusion-builder-row-3 nonhundred-percent-fullwidth non-hundred-percent-height-scrolling\"  style='background-color: rgba(255,255,255,0);background-position: center center;background-repeat: no-repeat;padding-top:0px;padding-right:0px;padding-bottom:0px;padding-left:0px;'><div class=\"fusion-builder-row fusion-row \"><div  class=\"fusion-layout-column fusion_builder_column fusion_builder_column_1_5 fusion-builder-column-4 fusion-one-fifth fusion-column-first 1_5\"  style='margin-top:0px;margin-bottom:20px;width:20%;width:calc(20% - ( ( 4% + 4% + 4% + 4% ) * 0.2 ) );margin-right: 4%;'>\n\t\t\t\t\t<div class=\"fusion-column-wrapper\" style=\"padding: 0px 0px 0px 0px;background-position:left top;background-repeat:no-repeat;-webkit-background-size:cover;-moz-background-size:cover;-o-background-size:cover;background-size:cover;\"   data-bg-url=\"\">\n\t\t\t\t\t\t<span class=\"fusion-imageframe imageframe-none imageframe-2 hover-type-none\"><a class=\"fusion-no-lightbox\" href=\"https:\/\/www.es.abbott\/\" target=\"_blank\" aria-label=\"ABBOTT\" rel=\"noopener noreferrer\"><img loading=\"lazy\" src=\"http:\/\/www.seisida.net\/reunion2020\/wp-content\/uploads\/2020\/09\/ABBOTT_.jpg\" width=\"248\" height=\"175\" alt=\"www.es.abbott\" class=\"img-responsive wp-image-230\" srcset=\"https:\/\/www.seisida.net\/reunion2020\/wp-content\/uploads\/2020\/09\/ABBOTT_-200x141.jpg 200w, https:\/\/www.seisida.net\/reunion2020\/wp-content\/uploads\/2020\/09\/ABBOTT_.jpg 248w\" sizes=\"(max-width: 800px) 100vw, 200px\" \/><\/a><\/span><div class=\"fusion-clearfix\"><\/div>\n\n\t\t\t\t\t<\/div>\n\t\t\t\t<\/div><div  class=\"fusion-layout-column fusion_builder_column fusion_builder_column_1_5 fusion-builder-column-5 fusion-one-fifth 1_5\"  style='margin-top:0px;margin-bottom:20px;width:20%;width:calc(20% - ( ( 4% + 4% + 4% + 4% ) * 0.2 ) );margin-right: 4%;'>\n\t\t\t\t\t<div class=\"fusion-column-wrapper\" style=\"padding: 0px 0px 0px 0px;background-position:left top;background-repeat:no-repeat;-webkit-background-size:cover;-moz-background-size:cover;-o-background-size:cover;background-size:cover;\"   data-bg-url=\"\">\n\t\t\t\t\t\t<span class=\"fusion-imageframe imageframe-none imageframe-3 hover-type-none\"><a class=\"fusion-no-lightbox\" href=\"https:\/\/www.gilead.com\" target=\"_blank\" aria-label=\"GILEAD\" rel=\"noopener noreferrer\"><img loading=\"lazy\" src=\"http:\/\/www.seisida.net\/reunion2020\/wp-content\/uploads\/2020\/09\/GILEAD_.jpg\" width=\"248\" height=\"175\" alt=\"www.gilead.com\" class=\"img-responsive wp-image-231\" srcset=\"https:\/\/www.seisida.net\/reunion2020\/wp-content\/uploads\/2020\/09\/GILEAD_-200x141.jpg 200w, https:\/\/www.seisida.net\/reunion2020\/wp-content\/uploads\/2020\/09\/GILEAD_.jpg 248w\" sizes=\"(max-width: 800px) 100vw, 200px\" \/><\/a><\/span><div class=\"fusion-clearfix\"><\/div>\n\n\t\t\t\t\t<\/div>\n\t\t\t\t<\/div><div  class=\"fusion-layout-column fusion_builder_column fusion_builder_column_1_5 fusion-builder-column-6 fusion-one-fifth 1_5\"  style='margin-top:0px;margin-bottom:20px;width:20%;width:calc(20% - ( ( 4% + 4% + 4% + 4% ) * 0.2 ) );margin-right: 4%;'>\n\t\t\t\t\t<div class=\"fusion-column-wrapper\" style=\"padding: 0px 0px 0px 0px;background-position:left top;background-repeat:no-repeat;-webkit-background-size:cover;-moz-background-size:cover;-o-background-size:cover;background-size:cover;\"   data-bg-url=\"\">\n\t\t\t\t\t\t<span class=\"fusion-imageframe imageframe-none imageframe-4 hover-type-none\"><a class=\"fusion-no-lightbox\" href=\"https:\/\/www.janssen.com\/spain\/\" target=\"_blank\" aria-label=\"JANSSEN\" rel=\"noopener noreferrer\"><img loading=\"lazy\" src=\"http:\/\/www.seisida.net\/reunion2020\/wp-content\/uploads\/2020\/09\/JANSSEN_.jpg\" width=\"248\" height=\"175\" alt=\"www.janssen.com\" class=\"img-responsive wp-image-232\" srcset=\"https:\/\/www.seisida.net\/reunion2020\/wp-content\/uploads\/2020\/09\/JANSSEN_-200x141.jpg 200w, https:\/\/www.seisida.net\/reunion2020\/wp-content\/uploads\/2020\/09\/JANSSEN_.jpg 248w\" sizes=\"(max-width: 800px) 100vw, 200px\" \/><\/a><\/span><div class=\"fusion-clearfix\"><\/div>\n\n\t\t\t\t\t<\/div>\n\t\t\t\t<\/div><div  class=\"fusion-layout-column fusion_builder_column fusion_builder_column_1_5 fusion-builder-column-7 fusion-one-fifth 1_5\"  style='margin-top:0px;margin-bottom:20px;width:20%;width:calc(20% - ( ( 4% + 4% + 4% + 4% ) * 0.2 ) );margin-right: 4%;'>\n\t\t\t\t\t<div class=\"fusion-column-wrapper\" style=\"padding: 0px 0px 0px 0px;background-position:left top;background-repeat:no-repeat;-webkit-background-size:cover;-moz-background-size:cover;-o-background-size:cover;background-size:cover;\"   data-bg-url=\"\">\n\t\t\t\t\t\t<span class=\"fusion-imageframe imageframe-none imageframe-5 hover-type-none\"><a class=\"fusion-no-lightbox\" href=\"https:\/\/www.msdsalud.es\/cuidar-en\/vih.html\" target=\"_blank\" aria-label=\"MSD\" rel=\"noopener noreferrer\"><img loading=\"lazy\" src=\"http:\/\/www.seisida.net\/reunion2020\/wp-content\/uploads\/2020\/09\/MSD_.jpg\" width=\"248\" height=\"175\" alt=\"www.msdsalud.es\" class=\"img-responsive wp-image-233\" srcset=\"https:\/\/www.seisida.net\/reunion2020\/wp-content\/uploads\/2020\/09\/MSD_-200x141.jpg 200w, https:\/\/www.seisida.net\/reunion2020\/wp-content\/uploads\/2020\/09\/MSD_.jpg 248w\" sizes=\"(max-width: 800px) 100vw, 200px\" \/><\/a><\/span><div class=\"fusion-clearfix\"><\/div>\n\n\t\t\t\t\t<\/div>\n\t\t\t\t<\/div><div  class=\"fusion-layout-column fusion_builder_column fusion_builder_column_1_5 fusion-builder-column-8 fusion-one-fifth fusion-column-last 1_5\"  style='margin-top:0px;margin-bottom:20px;width:20%;width:calc(20% - ( ( 4% + 4% + 4% + 4% ) * 0.2 ) );'>\n\t\t\t\t\t<div class=\"fusion-column-wrapper\" style=\"padding: 0px 0px 0px 0px;background-position:left top;background-repeat:no-repeat;-webkit-background-size:cover;-moz-background-size:cover;-o-background-size:cover;background-size:cover;\"   data-bg-url=\"\">\n\t\t\t\t\t\t<span class=\"fusion-imageframe imageframe-none imageframe-6 hover-type-none\"><a class=\"fusion-no-lightbox\" href=\"https:\/\/viivhealthcare.com\/es-es\/\" target=\"_blank\" aria-label=\"VIIV\" rel=\"noopener noreferrer\"><img loading=\"lazy\" src=\"http:\/\/www.seisida.net\/reunion2020\/wp-content\/uploads\/2020\/09\/VIIV_.jpg\" width=\"248\" height=\"175\" alt=\"viivhealthcare.com\" class=\"img-responsive wp-image-234\" srcset=\"https:\/\/www.seisida.net\/reunion2020\/wp-content\/uploads\/2020\/09\/VIIV_-200x141.jpg 200w, https:\/\/www.seisida.net\/reunion2020\/wp-content\/uploads\/2020\/09\/VIIV_.jpg 248w\" sizes=\"(max-width: 800px) 100vw, 200px\" \/><\/a><\/span><div class=\"fusion-clearfix\"><\/div>\n\n\t\t\t\t\t<\/div>\n\t\t\t\t<\/div><\/div><\/div><\/p>\n","protected":false},"excerpt":{"rendered":"","protected":false},"author":1,"featured_media":0,"parent":0,"menu_order":0,"comment_status":"closed","ping_status":"closed","template":"","meta":[],"_links":{"self":[{"href":"https:\/\/www.seisida.net\/reunion2020\/wp-json\/wp\/v2\/pages\/6"}],"collection":[{"href":"https:\/\/www.seisida.net\/reunion2020\/wp-json\/wp\/v2\/pages"}],"about":[{"href":"https:\/\/www.seisida.net\/reunion2020\/wp-json\/wp\/v2\/types\/page"}],"author":[{"embeddable":true,"href":"https:\/\/www.seisida.net\/reunion2020\/wp-json\/wp\/v2\/users\/1"}],"replies":[{"embeddable":true,"href":"https:\/\/www.seisida.net\/reunion2020\/wp-json\/wp\/v2\/comments?post=6"}],"version-history":[{"count":42,"href":"https:\/\/www.seisida.net\/reunion2020\/wp-json\/wp\/v2\/pages\/6\/revisions"}],"predecessor-version":[{"id":366,"href":"https:\/\/www.seisida.net\/reunion2020\/wp-json\/wp\/v2\/pages\/6\/revisions\/366"}],"wp:attachment":[{"href":"https:\/\/www.seisida.net\/reunion2020\/wp-json\/wp\/v2\/media?parent=6"}],"curies":[{"name":"wp","href":"https:\/\/api.w.org\/{rel}","templated":true}]}}