{"id":16,"date":"2019-12-10T13:45:06","date_gmt":"2019-12-10T13:45:06","guid":{"rendered":"http:\/\/www.seisida.net\/reunion2020\/?page_id=16"},"modified":"2020-11-02T15:44:44","modified_gmt":"2020-11-02T15:44:44","slug":"programa","status":"publish","type":"page","link":"https:\/\/www.seisida.net\/reunion2020\/programa\/","title":{"rendered":"Programa"},"content":{"rendered":"<div class=\"fusion-fullwidth fullwidth-box fusion-builder-row-1 nonhundred-percent-fullwidth non-hundred-percent-height-scrolling\"  style='background-color: rgba(255,255,255,0);background-position: center center;background-repeat: no-repeat;padding-top:0px;padding-right:0px;padding-bottom:0px;padding-left:0px;'><div class=\"fusion-builder-row fusion-row \"><div  class=\"fusion-layout-column fusion_builder_column fusion_builder_column_1_1 fusion-builder-column-1 fusion-one-full fusion-column-first fusion-column-last 1_1\"  style='margin-top:0px;margin-bottom:20px;'>\n\t\t\t\t\t<div class=\"fusion-column-wrapper\" style=\"padding: 0px 0px 0px 0px;background-position:left top;background-repeat:no-repeat;-webkit-background-size:cover;-moz-background-size:cover;-o-background-size:cover;background-size:cover;\"   data-bg-url=\"\">\n\t\t\t\t\t\t<div class=\"fusion-text\"><table width=\"100%\">\n<thead>\n<tr style=\"height: 24px;\">\n<th style=\"text-align: center; height: 24px;\" width=\"15%\">Hora<\/th>\n<th style=\"height: 24px;\" colspan=\"2\"><\/th>\n<\/tr>\n<\/thead>\n<tbody>\n<tr style=\"height: 24px;\">\n<td style=\"background-color: #ebf2f7; text-align: center;\" rowspan=\"3\"><strong>16.00 &#8211; 16.10<\/strong><\/td>\n<td style=\"background-color: #ebf2f7;\" colspan=\"2\"><strong>Bienvenida<\/strong><strong><br \/>\n<\/strong><\/td>\n<\/tr>\n<tr style=\"height: 24px;\">\n<td style=\"background-color: #ebf2f7;\" colspan=\"2\"><em>Juan Carlos L\u00f3pez Bernaldo de Quir\u00f3s. <\/em>Presidente de SEISIDA. Hospital Gregorio Mara\u00f1\u00f3n<\/td>\n<\/tr>\n<tr style=\"height: 24px;\">\n<td style=\"background-color: #ebf2f7;\" colspan=\"2\"><em>Inmaculada Jarr\u00edn. <\/em>Presidenta de la Reuni\u00f3n. Instituto de Salud Carlos III<\/td>\n<\/tr>\n<tr style=\"height: 5px;\">\n<td style=\"text-align: center; height: 5px;\"><\/td>\n<td style=\"height: 5px;\" colspan=\"2\"><\/td>\n<\/tr>\n<tr style=\"height: 24px;\">\n<td style=\"background-color: #b6cbe3; text-align: center;\" rowspan=\"3\"><strong>16.10 &#8211; 16.30<\/strong><\/td>\n<td style=\"background-color: #b6cbe3;\" colspan=\"2\"><strong>Conferencia Inaugural<\/strong><strong><br \/>\n<\/strong><\/td>\n<\/tr>\n<tr style=\"height: 24px;\">\n<td style=\"background-color: #b6cbe3;\" colspan=\"2\"><strong>La influencia del estigma en la cascada de prevenci\u00f3n. <\/strong><em>Antons Mozalevskis.<\/em> WHO Regional Office for Europe<\/td>\n<\/tr>\n<tr style=\"height: 24px;\">\n<td style=\"background-color: #b6cbe3;\" colspan=\"2\" align=\"left\" valign=\"middle\"><img loading=\"lazy\" class=\"alignleft size-full wp-image-374\" src=\"http:\/\/www.seisida.net\/reunion2020\/wp-content\/uploads\/2020\/10\/video1.png\" alt=\"\" width=\"32\" height=\"32\" \/> <a href=\"https:\/\/youtu.be\/GxyJf91Po-w\" target=\"_blank\" rel=\"noopener noreferrer\">Ver Video<\/a><\/td>\n<\/tr>\n<tr style=\"height: 5px;\">\n<td style=\"text-align: center; height: 5px;\"><\/td>\n<td style=\"height: 5px;\" colspan=\"2\"><\/td>\n<\/tr>\n<tr style=\"height: 24px;\">\n<td style=\"height: 96px; background-color: #c8e4f7; text-align: center;\" rowspan=\"5\"><strong>16.30 &#8211; 17.10<\/strong><\/td>\n<td style=\"background-color: #c8e4f7;\" colspan=\"2\"><strong>Mesa Redonda 1: Prepar\u00e1ndonos para el 95-95-95<\/strong><\/td>\n<\/tr>\n<tr style=\"height: 48px;\">\n<td style=\"background-color: #c8e4f7;\" colspan=\"2\"><strong>1. Actualizaci\u00f3n epidemiol\u00f3gica espa\u00f1ola de los objetivos 2020. <\/strong><em><br \/>\nAsunci\u00f3n D\u00edaz. <\/em>Centro Nacional de Epidemiolog\u00eda. Instituto de Salud Carlos III. Madrid<\/td>\n<\/tr>\n<tr style=\"height: 48px;\">\n<td style=\"background-color: #c8e4f7;\" colspan=\"2\"><strong>2. La Cascada y lecciones aprendidas en Amsterdam (The HIV Cascade, lessons learned in Amsterdam).<br \/>\n<\/strong><em> Maria Prins. <\/em>GGD. Amsterdam<\/td>\n<\/tr>\n<tr style=\"height: 48px;\">\n<td style=\"background-color: #c8e4f7; text-align: center;\" colspan=\"2\"><strong>PREGUNTAS Y RESPUESTAS SESI\u00d3N ANTERIOR<\/strong><\/td>\n<\/tr>\n<tr style=\"height: 48px;\">\n<td style=\"background-color: #c8e4f7; text-align: left;\" colspan=\"2\" align=\"left\" valign=\"middle\"><img loading=\"lazy\" class=\"alignleft size-full wp-image-374\" src=\"http:\/\/www.seisida.net\/reunion2020\/wp-content\/uploads\/2020\/10\/video1.png\" alt=\"\" width=\"32\" height=\"32\" \/> <a href=\"https:\/\/youtu.be\/iJAA5LuhTS8\" target=\"_blank\" rel=\"noopener noreferrer\">Ver Video<\/a><\/td>\n<\/tr>\n<tr style=\"height: 5px;\">\n<td style=\"text-align: center; height: 5px;\"><\/td>\n<td style=\"height: 5px;\" colspan=\"2\"><\/td>\n<\/tr>\n<tr style=\"height: 24px;\">\n<td style=\"background-color: #f2d5c6; text-align: center;\" rowspan=\"6\"><strong>17.10 &#8211; 17.30<\/strong><\/td>\n<td style=\"background-color: #f2d5c6;\" colspan=\"2\"><strong><em>Presentaci\u00f3n resultados de investigaci\u00f3n de SEISIDA<\/em><\/strong><\/td>\n<\/tr>\n<tr style=\"height: 24px;\">\n<td style=\"background-color: #f2d5c6;\" colspan=\"2\"><strong>Problemas de salud y otras necesidades no satisfechas relacionadas con el tratamiento antirretroviral para los que el tratamiento de acci\u00f3n prolongada puede ser de utilidad<\/strong><\/td>\n<\/tr>\n<tr style=\"height: 24px;\">\n<td style=\"background-color: #f2d5c6;\" colspan=\"2\"><em>Miguel \u00c1ngel von Wichmann.<\/em> Vocal de SEISIDA. Hospital de Donostia<\/td>\n<\/tr>\n<tr style=\"height: 24px;\">\n<td style=\"background-color: #f2d5c6;\" colspan=\"2\">Patrocinado por: <a href=\"https:\/\/viivhealthcare.com\/es-es\/\" target=\"_blank\" rel=\"noopener noreferrer\"><img loading=\"lazy\" class=\"alignnone wp-image-119\" src=\"http:\/\/www.seisida.net\/reunion2020\/wp-content\/uploads\/2020\/02\/png-viiv-healthcare_.png\" alt=\"\" width=\"61\" height=\"50\" \/><\/a><\/td>\n<\/tr>\n<tr style=\"height: 24px;\">\n<td style=\"background-color: #f2d5c6;\" colspan=\"2\" align=\"center\"><strong>PREGUNTAS Y RESPUESTAS SESI\u00d3N ANTERIOR<\/strong><\/td>\n<\/tr>\n<tr style=\"height: 24px;\">\n<td style=\"background-color: #f2d5c6; text-align: left;\" align=\"left\" valign=\"middle\" width=\"25%\"><img loading=\"lazy\" class=\"alignleft size-full wp-image-374\" src=\"http:\/\/www.seisida.net\/reunion2020\/wp-content\/uploads\/2020\/10\/video1.png\" alt=\"\" width=\"32\" height=\"32\" \/> <a href=\"https:\/\/youtu.be\/4n9gzqIpBC4\" target=\"_blank\" rel=\"noopener noreferrer\">Ver Video<\/a><\/td>\n<td style=\"background-color: #f2d5c6; text-align: left;\" align=\"left\" valign=\"middle\"><a href=\"http:\/\/www.seisida.net\/reunion2020\/wp-content\/uploads\/2020\/11\/Ponencia_unmeetneeds_SEISIDA20_MAVonWichmann.pdf\" target=\"_blank\" rel=\"noopener noreferrer\">Ver Presentaci\u00f3n (pdf)<\/a><img loading=\"lazy\" class=\"alignleft size-thumbnail wp-image-385\" src=\"http:\/\/www.seisida.net\/reunion2020\/wp-content\/uploads\/2020\/11\/ppt.png\" alt=\"\" width=\"32\" height=\"32\" \/><\/td>\n<\/tr>\n<tr style=\"height: 5px;\">\n<td style=\"text-align: center; height: 5px;\"><\/td>\n<td style=\"height: 5px;\" colspan=\"2\"><\/td>\n<\/tr>\n<tr style=\"height: 38px;\">\n<td style=\"background-color: #ffffff; text-align: center;\"><strong>17.30 &#8211; 17.40<\/strong><\/td>\n<td style=\"background-color: #ffffff; text-align: center;\" colspan=\"2\"><strong>DESCANSO<\/strong><\/td>\n<\/tr>\n<tr style=\"height: 5px;\">\n<td style=\"text-align: center; height: 5px;\"><\/td>\n<td style=\"height: 5px;\" colspan=\"2\"><\/td>\n<\/tr>\n<tr style=\"height: 38px;\">\n<td style=\"background-color: #fbc74e; text-align: center;\" rowspan=\"7\"><strong>17.40 &#8211; 18.10<\/strong><\/td>\n<td style=\"background-color: #fbc74e; text-align: left;\" colspan=\"2\"><strong>SESI\u00d3N DE COMUNICACIONES ORALES<\/strong><\/td>\n<\/tr>\n<tr style=\"height: 38px;\">\n<td style=\"background-color: #f9ce68; text-align: left;\" colspan=\"2\"><strong>CO1. Tiempo desde el diagn\u00f3stico al inicio del tratamiento. \u00bfDonde tenemos que mejorar? <\/strong><br \/>\nM. Ram\u00edrez Schacke. Hospital General Universitario Gregorio Mara\u00f1\u00f3n. Madrid<\/td>\n<\/tr>\n<tr style=\"height: 38px;\">\n<td style=\"background-color: #f9da92; text-align: left;\" colspan=\"2\"><strong>CO2. Reducci\u00f3n del estigma internalizado, la depresi\u00f3n y la ansiedad estado en personas con VIH mediante un grupo terap\u00e9utico. <\/strong><br \/>\nD. Biel Soro. OMSIDA y Universidad Aut\u00f3noma de Madrid<\/td>\n<\/tr>\n<tr style=\"height: 38px;\">\n<td style=\"background-color: #f9ce68; text-align: left;\" colspan=\"2\"><strong>CO3. Identificando objetivos Fast-Track: Oportunidades perdidas en el diagn\u00f3stico de VIH en Madrid. <\/strong><br \/>\nC. Iniesta M\u00e1rmol. Centro Nacional de Epidemiolog\u00eda. ISCIII<\/td>\n<\/tr>\n<tr style=\"height: 38px;\">\n<td style=\"background-color: #f9da92; text-align: left;\" colspan=\"2\"><strong>CO4. Conocimientos sobre hepatitis en hombres que tienen sexo con hombres que acuden a un centro de ITS y a otro comunitario de Madrid. <\/strong><br \/>\nFJ. Molina Cabrero. Centro Nacional de Epidemiolog\u00eda. ISCIII<\/td>\n<\/tr>\n<tr style=\"height: 38px;\">\n<td style=\"background-color: #f9ce68; text-align: left;\" colspan=\"2\"><strong>CO5. Valoraci\u00f3n subjetiva del dolor en pacientes que participan en el programa de cribado de c\u00e1ncer anal. <\/strong><br \/>\nM. S\u00e1nchez Llamas. Hospital Universitari de Bellvitge<\/td>\n<\/tr>\n<tr style=\"height: 38px;\">\n<td style=\"background-color: #f9ce68; text-align: left;\" colspan=\"2\" align=\"left\" valign=\"middle\"><img loading=\"lazy\" class=\"alignleft size-full wp-image-374\" src=\"http:\/\/www.seisida.net\/reunion2020\/wp-content\/uploads\/2020\/10\/video1.png\" alt=\"\" width=\"32\" height=\"32\" \/> <a href=\"https:\/\/youtu.be\/S0sft_euDiY\" target=\"_blank\" rel=\"noopener noreferrer\">Ver Video<\/a><\/td>\n<\/tr>\n<tr style=\"height: 5px;\">\n<td style=\"text-align: center; height: 5px;\"><\/td>\n<td style=\"height: 5px;\" colspan=\"2\"><\/td>\n<\/tr>\n<tr style=\"height: 24px;\">\n<td style=\"background-color: #c8e4f7; text-align: center;\" rowspan=\"5\"><strong>18.10 &#8211; 19.00<\/strong><\/td>\n<td style=\"background-color: #c8e4f7;\" colspan=\"2\"><strong>Mesa Redonda 2: VIH y COVID-19<br \/>\n<\/strong><\/td>\n<\/tr>\n<tr style=\"height: 24px;\">\n<td style=\"background-color: #c8e4f7;\" colspan=\"2\"><strong>1. Evidencia cient\u00edfica y respuesta institucional ante la COVID-19.<br \/>\n<\/strong><em>Julia del Amo. <\/em>Plan Nacional sobre el Sida. Ministerio de Sanidad, Consumo y Bienestar Social<\/td>\n<\/tr>\n<tr style=\"height: 48px;\">\n<td style=\"background-color: #c8e4f7;\" colspan=\"2\"><strong>2. La respuesta comunitaria a las necesidades de las personas con VIH.<br \/>\n<\/strong><em>Ram\u00f3n Espacio. <\/em>CESIDA<strong><br \/>\n<\/strong> (Ponencia patrocinada por<strong> ViiV<\/strong>)<strong><br \/>\n<\/strong><\/td>\n<\/tr>\n<tr style=\"height: 24px;\">\n<td style=\"background-color: #c8e4f7; text-align: center;\" colspan=\"2\"><strong>PREGUNTAS Y RESPUESTAS SESI\u00d3N ANTERIOR<\/strong><\/td>\n<\/tr>\n<tr style=\"height: 24px;\">\n<td style=\"background-color: #c8e4f7; text-align: left;\" colspan=\"2\" align=\"left\" valign=\"middle\"><img loading=\"lazy\" class=\"alignleft size-full wp-image-374\" src=\"http:\/\/www.seisida.net\/reunion2020\/wp-content\/uploads\/2020\/10\/video1.png\" alt=\"\" width=\"32\" height=\"32\" \/> <a href=\"https:\/\/youtu.be\/I8gYPcZlnUk\" target=\"_blank\" rel=\"noopener noreferrer\">Ver Video<\/a><\/td>\n<\/tr>\n<tr style=\"height: 5px;\">\n<td style=\"text-align: center; height: 5px;\"><\/td>\n<td style=\"height: 5px;\" colspan=\"2\"><\/td>\n<\/tr>\n<tr style=\"height: 24px;\">\n<td style=\"background-color: #ebf2f7; text-align: center;\" rowspan=\"4\"><strong>19.00 &#8211; 19.15<\/strong><\/td>\n<td style=\"background-color: #ebf2f7;\" colspan=\"2\"><strong>Clausura y entrega de premios de la Revista Multidisciplinar del Sida (RMdS)<br \/>\n<\/strong><\/td>\n<\/tr>\n<tr style=\"height: 24px;\">\n<td style=\"background-color: #ebf2f7;\" colspan=\"2\"><em>Concepci\u00f3n Amador. <\/em>Presidenta entrante SEISIDA. Hospital Marina Baixa<\/td>\n<\/tr>\n<tr style=\"height: 24px;\">\n<td style=\"background-color: #ebf2f7;\" colspan=\"2\"><em>Angels Ja\u00e9n. <\/em>Editora Directora de la RMdS. Fundaci\u00f3 Doc\u00e8ncia i Recerca Mutua Terrassa<\/td>\n<\/tr>\n<tr style=\"height: 24px;\">\n<td style=\"background-color: #ebf2f7;\" colspan=\"2\" align=\"left\" valign=\"middle\"><img loading=\"lazy\" class=\"alignleft size-full wp-image-374\" src=\"http:\/\/www.seisida.net\/reunion2020\/wp-content\/uploads\/2020\/10\/video1.png\" alt=\"\" width=\"32\" height=\"32\" \/> <a href=\"https:\/\/youtu.be\/E9nRxduIVdc\" target=\"_blank\" rel=\"noopener noreferrer\">Ver Video<\/a><\/td>\n<\/tr>\n<\/tbody>\n<\/table>\n<\/div><div class=\"fusion-sep-clear\"><\/div><div class=\"fusion-separator fusion-full-width-sep sep-single sep-solid\" style=\"border-color:#e0dede;border-top-width:1px;margin-left: auto;margin-right: auto;margin-top:50px;margin-bottom:10px;\"><\/div><div class=\"fusion-text\"><p><strong>Con el Patrocinio de:<\/strong><\/p>\n<\/div><div class=\"imageframe-align-center\"><span style=\"width:100%;max-width:1100px;\" class=\"fusion-imageframe imageframe-none imageframe-1 hover-type-none\"><a class=\"fusion-no-lightbox\" href=\"http:\/\/www.janssen.com\/spain\" target=\"_blank\" aria-label=\"Imagina un futuro donde VIH solo sean tres letras en el abecedario\" rel=\"noopener noreferrer\"><img loading=\"lazy\" src=\"http:\/\/www.seisida.net\/reunion2020\/wp-content\/uploads\/2020\/06\/Anuncio-VIH-JANSSEN.jpg\" width=\"1100\" height=\"1418\" alt=\"\" class=\"img-responsive wp-image-190\" srcset=\"https:\/\/www.seisida.net\/reunion2020\/wp-content\/uploads\/2020\/06\/Anuncio-VIH-JANSSEN-200x258.jpg 200w, https:\/\/www.seisida.net\/reunion2020\/wp-content\/uploads\/2020\/06\/Anuncio-VIH-JANSSEN-400x516.jpg 400w, https:\/\/www.seisida.net\/reunion2020\/wp-content\/uploads\/2020\/06\/Anuncio-VIH-JANSSEN-600x773.jpg 600w, https:\/\/www.seisida.net\/reunion2020\/wp-content\/uploads\/2020\/06\/Anuncio-VIH-JANSSEN-800x1031.jpg 800w, https:\/\/www.seisida.net\/reunion2020\/wp-content\/uploads\/2020\/06\/Anuncio-VIH-JANSSEN.jpg 1100w\" sizes=\"(max-width: 800px) 100vw, 1100px\" \/><\/a><\/span><\/div><div class=\"fusion-sep-clear\"><\/div><div class=\"fusion-separator fusion-full-width-sep sep-single sep-solid\" style=\"border-color:#e0dede;border-top-width:1px;margin-left: auto;margin-right: auto;margin-top:10px;margin-bottom:40px;\"><\/div><div class=\"imageframe-align-center\"><span style=\"width:100%;max-width:1100px;\" class=\"fusion-imageframe imageframe-none imageframe-2 hover-type-none\"><a class=\"fusion-no-lightbox\" href=\"https:\/\/www.gilead.com\/\" target=\"_blank\" aria-label=\"Anuncio Corporativo_GILEAD\" rel=\"noopener noreferrer\"><img loading=\"lazy\" src=\"http:\/\/www.seisida.net\/reunion2020\/wp-content\/uploads\/2020\/09\/Anuncio-Corporativo_GILEAD.jpg\" width=\"1200\" height=\"1563\" alt=\"\" class=\"img-responsive wp-image-239\" srcset=\"https:\/\/www.seisida.net\/reunion2020\/wp-content\/uploads\/2020\/09\/Anuncio-Corporativo_GILEAD-200x261.jpg 200w, https:\/\/www.seisida.net\/reunion2020\/wp-content\/uploads\/2020\/09\/Anuncio-Corporativo_GILEAD-400x521.jpg 400w, https:\/\/www.seisida.net\/reunion2020\/wp-content\/uploads\/2020\/09\/Anuncio-Corporativo_GILEAD-600x782.jpg 600w, https:\/\/www.seisida.net\/reunion2020\/wp-content\/uploads\/2020\/09\/Anuncio-Corporativo_GILEAD-800x1042.jpg 800w, https:\/\/www.seisida.net\/reunion2020\/wp-content\/uploads\/2020\/09\/Anuncio-Corporativo_GILEAD.jpg 1200w\" sizes=\"(max-width: 800px) 100vw, 1200px\" \/><\/a><\/span><\/div><div class=\"fusion-sep-clear\"><\/div><div class=\"fusion-separator fusion-full-width-sep sep-single sep-solid\" style=\"border-color:#e0dede;border-top-width:1px;margin-left: auto;margin-right: auto;margin-top:10px;margin-bottom:40px;\"><\/div><div class=\"fusion-clearfix\"><\/div>\n\n\t\t\t\t\t<\/div>\n\t\t\t\t<\/div><\/div><\/div>\n","protected":false},"excerpt":{"rendered":"","protected":false},"author":1,"featured_media":0,"parent":0,"menu_order":0,"comment_status":"closed","ping_status":"closed","template":"","meta":[],"_links":{"self":[{"href":"https:\/\/www.seisida.net\/reunion2020\/wp-json\/wp\/v2\/pages\/16"}],"collection":[{"href":"https:\/\/www.seisida.net\/reunion2020\/wp-json\/wp\/v2\/pages"}],"about":[{"href":"https:\/\/www.seisida.net\/reunion2020\/wp-json\/wp\/v2\/types\/page"}],"author":[{"embeddable":true,"href":"https:\/\/www.seisida.net\/reunion2020\/wp-json\/wp\/v2\/users\/1"}],"replies":[{"embeddable":true,"href":"https:\/\/www.seisida.net\/reunion2020\/wp-json\/wp\/v2\/comments?post=16"}],"version-history":[{"count":26,"href":"https:\/\/www.seisida.net\/reunion2020\/wp-json\/wp\/v2\/pages\/16\/revisions"}],"predecessor-version":[{"id":387,"href":"https:\/\/www.seisida.net\/reunion2020\/wp-json\/wp\/v2\/pages\/16\/revisions\/387"}],"wp:attachment":[{"href":"https:\/\/www.seisida.net\/reunion2020\/wp-json\/wp\/v2\/media?parent=16"}],"curies":[{"name":"wp","href":"https:\/\/api.w.org\/{rel}","templated":true}]}}